e
Is 3281744 a multiple of 345?
False
Does 24 divide 759200413?
False
Is 47 a factor of 2330243?
False
Does 9 divide 758677356?
True
Is 80740390 a multiple of 785?
True
Does 8 divide 127433008?
True
Is 6651 a factor of 186141537?
True
Does 1016 divide 45721877?
False
Is 396020757 a multiple of 2400?
False
Does 541 divide 413735160?
True
Is 18609579 a multiple of 9?
True
Is 12 a factor of 60702642?
False
Is 13 a factor of 1395309455?
False
Is 21 a factor of 1757764?
False
Is 87823799 a multiple of 7?
True
Does 11 divide 224289065?
True
Is 244 a factor of 1445456?
True
Is 3311056 a multiple of 28?
True
Is 200 a factor of 4683200?
True
Is 150 a factor of 1454250?
True
Is 17 a factor of 101453674?
False
Is 25487373 a multiple of 57?
False
Is 924 a factor of 178062192?
True
Is 144 a factor of 405086112?
True
Is 264989748 a multiple of 618?
True
Is 275203260 a multiple of 3931?
False
Is 765 a factor of 81862238?
False
Is 22 a factor of 17382510?
False
Does 3469 divide 412103324?
True
Is 11491888 a multiple of 16?
True
Is 15 a factor of 183655989?
False
Does 22 divide 3367495780?
True
Does 14 divide 1807166844?
True
Is 13 a factor of 113998362?
False
Is 126730080 a multiple of 12?
True
Does 20 divide 43178100?
True
Is 10 a factor of 112301950?
True
Is 31071274 a multiple of 26?
True
Is 2790 a factor of 7959870?
True
Does 17 divide 231918273?
False
Is 3720 a factor of 144758834?
False
Is 20 a factor of 2699500?
True
Does 456 divide 50567208?
True
Does 158 divide 38429930?
False
Does 23 divide 2300175683?
False
Does 175 divide 52498513?
False
Does 318 divide 41606802?
True
Does 135 divide 1226475?
True
Does 13 divide 89042322?
False
Is 105 a factor of 3978399495?
True
Does 21 divide 143153064?
False
Is 634 a factor of 65234179?
False
Does 15 divide 22507488?
False
Does 4695 divide 1706463480?
True
Does 4333 divide 146819070?
False
Does 14 divide 147875168?
True
Is 9 a factor of 410549258?
False
Does 6 divide 14304210?
True
Is 6 a factor of 63342379?
False
Does 119 divide 20326196?
False
Is 287 a factor of 152154031?
False
Does 24 divide 3761594149?
False
Does 109 divide 4328456525?
False
Is 2280840 a multiple of 2490?
True
Does 932 divide 63283273?
False
Does 24 divide 62045784?
True
Does 8 divide 19752785?
False
Is 208706654 a multiple of 1411?
True
Is 180324521 a multiple of 13?
True
Is 32085126 a multiple of 65?
False
Does 46 divide 425956550?
True
Is 256 a factor of 40140687?
False
Is 570 a factor of 365644740?
True
Does 871 divide 295358896?
False
Is 19 a factor of 2476183?
False
Is 11 a factor of 422941179?
False
Is 30660434 a multiple of 531?
False
Does 20 divide 8517440?
True
Is 200 a factor of 23880108?
False
Is 2682 a factor of 392811084?
True
Does 74 divide 4966778176?
True
Is 3972344619 a multiple of 31?
True
Is 264338289 a multiple of 2?
False
Is 10 a factor of 663066710?
True
Is 11 a factor of 1090408?
True
Is 61 a factor of 1708971120?
True
Does 4 divide 146120742?
False
Is 2624397044 a multiple of 21?
False
Is 33085234 a multiple of 29?
False
Does 1561 divide 122094836?
False
Is 35819256 a multiple of 836?
True
Is 2 a factor of 8041324?
True
Is 890388683 a multiple of 23?
False
Is 72 a factor of 411792336?
True
Is 3595 a factor of 1720306368?
False
Is 56771946 a multiple of 231?
True
Is 498508149 a multiple of 19?
True
Is 2155 a factor of 52713455?
True
Is 171499315 a multiple of 221?
True
Is 27485158 a multiple of 1169?
False
Does 252 divide 98893713?
False
Is 260864919 a multiple of 861?
True
Is 715259429 a multiple of 11?
False
Is 548 a factor of 169190616?
True
Is 54 a factor of 33611558?
False
Is 1821 a factor of 121657368?
True
Does 105 divide 19817910?
True
Is 10720655 a multiple of 6?
False
Is 70177825 a multiple of 145?
True
Does 31 divide 9974814?
False
Does 164 divide 436703464?
True
Does 160 divide 99680?
True
Is 725078801 a multiple of 80?
False
Is 1779913 a multiple of 11?
False
Is 53 a factor of 27412395?
True
Does 29 divide 14245235?
True
Is 1208 a factor of 62410112?
True
Is 38 a factor of 76269720?
False
Is 47001555 a multiple of 45?
True
Is 4254 a factor of 331131064?
False
Does 23 divide 220588768?
True
Is 17775207 a multiple of 1308?
False
Does 151 divide 44893357?
True
Is 81706113 a multiple of 4?
False
Is 99633825 a multiple of 13?
False
Is 2044 a factor of 275494408?
True
Is 638 a factor of 121793562?
True
Is 664 a factor of 300540344?
True
Is 4859849 a multiple of 2987?
True
Is 974448222 even?
True
Does 29 divide 241688876?
False
Does 667 divide 25966205?
False
Does 68 divide 2986179744?
True
Does 678 divide 38372088?
True
Is 16359744 a multiple of 7?
False
Is 234015296 a multiple of 550?
False
Is 330725616 a multiple of 59?
False
Is 41498250 a multiple of 11?
False
Is 2291 a factor of 116882238?
True
Is 396 a factor of 3698153976?
False
Is 42 a factor of 599810502?
False
Is 21763456 a multiple of 8?
True
Does 12 divide 2083970268?
True
Does 64 divide 45757177?
False
Is 28 a factor of 2571212?
True
Is 15 a factor of 15907713?
False
Is 13 a factor of 3995895341?
False
Does 459 divide 754605086?
False
Is 289 a factor of 718979980?
True
Does 8 divide 324970088?
True
Is 19339680 a multiple of 160?
True
Does 43 divide 17627914?
False
Does 2936 divide 70501651?
False
Is 5 a factor of 2228410?
True
Is 5 a factor of 464390910?
True
Does 433 divide 209789515?
False
Is 27513276 a multiple of 846?
False
Is 5812758068 a multiple of 13?
True
Is 17 a factor of 44210374?
False
Is 3404 a factor of 208086758?
False
Is 4 a factor of 16650880?
True
Is 205 a factor of 326159251?
False
Is 4588 a factor of 698635784?
False
Does 1003 divide 20649764?
True
Is 36459048 a multiple of 276?
True
Is 6566590 a multiple of 95?
True
Does 11 divide 18919211?
False
Is 46512090 a multiple of 837?
True
Is 439677801 a multiple of 282?
False
Is 514341193 a multiple of 56?
False
Does 3066 divide 2696804519?
False
Is 2022195916 a multiple of 10621?
True
Is 292 a factor of 38105236?
False
Does 16 divide 67407517?
False
Is 1803 a factor of 4029119025?
True
Is 16 a factor of 66812971?
False
Is 407 a factor of 72849438?
False
Is 84 a factor of 41839056?
True
Is 2393552 a multiple of 497?
True
Does 252 divide 65783507?
False
Is 54339095 a multiple of 233?
True
Is 792096621 a multiple of 90?
False
Does 131 divide 323699559?
True
Is 21330793 a multiple of 24?
False
Does 116 divide 73639321?
False
Is 16865948 a multiple of 169?
False
Does 39 divide 237134040?
True
Is 41 a factor of 63604489?
True
Does 537 divide 2492936804?
False
Is 328233216 a multiple of 9?
False
Is 1037 a factor of 38479959?
True
Does 4867 divide 185753186?
False
Does 9 divide 1539078657?
False
Is 7 a factor of 1374287568?
False
Does 659 divide 57419329?
True
Is 1004 a factor of 53793413?
False
Is 191 a factor of 332462851?
False
Is 9 a factor of 14288019?
False
Is 5 a factor of 2307265880?
True
Is 10 a factor of 48142000?
True
Does 16 divide 178050944?
True
Is 3378 a factor of 108001416?
True
Is 700 a factor of 1467893000?
True
Is 89642932 a multiple of 1312?
False
Does 63 divide 50058317?
False
Is 376925295 a multiple of 580?
False
Is 537 a factor of 68806921?
False
Is 49953714 a multiple of 3092?
False
Is 478 a factor of 258981356?
True
Is 874 a factor of 2292855096?
True
Is 1629 a factor of 96150096?
True
Is 7 a factor of 780956590?
False
Does 47 divide 1954845?
False
Is 17877685 even?
False
Is 56555706 a multiple of 107?
True
Does 89 divide 2798604288?
True
Is 92767260 a multiple of 20?
True
Is 812 a factor of 274987325?
False
Is 41856977 a multiple of 8?
False
Does 11 divide 12189124?
False
Is 209522566 a multiple of 113?
True
Does 103 divide 2817575712?
True
Does 60 divide 65652420?
True
Is 1540 a factor of 208690020?
True
Is 888 a factor of 27046704?
True
Is 20767142 a multiple of 24?
False
Does 1734 divide 79278480?
True
Is 149 a factor of 99035338?
False
Is 2204507184 a multiple of 264?
True
Is 67 a factor of 1073165063?
True
Is 678 a factor of 2036781461?
False
Is 103720811 a multiple of 38?
False
Does 172 divide 25058859?
False
Is 1182222049 a multiple of 8240?
False
Is 238404144 a multiple of 11?
True
Does 537 divide 6874137?
True
Does 1999 divide 34586460?
False
Does 9 divide 7925850?
True
Does 63 divide 169217622?
True
Is 248989623 a multiple of 60?
False
Is 2372425120 